{"id":33,"date":"2020-03-02T12:59:51","date_gmt":"2020-03-02T12:59:51","guid":{"rendered":"https:\/\/www.fotobox-osttirol.at\/?page_id=33"},"modified":"2024-12-01T17:10:28","modified_gmt":"2024-12-01T16:10:28","slug":"fotobox-osttirol-mieten-liveview-hochzeit","status":"publish","type":"page","link":"https:\/\/www.fotobox-osttirol.at\/","title":{"rendered":"FotoBox Osttirol"},"content":{"rendered":"\n<h1 class=\"wp-block-heading\" id=\"h-fotobox-osttirol\"><strong>FotoBox Osttirol<\/strong><\/h1>\n\n\n\n<div class=\"wp-block-columns is-layout-flex wp-container-core-columns-is-layout-9d6595d7 wp-block-columns-is-layout-flex\">\n<div class=\"wp-block-column is-layout-flow wp-block-column-is-layout-flow\">\n<h4 class=\"wp-block-heading\" id=\"h-die-fotobox-in-osttirol-zu-mieten-mit-liveview-und-direktdrucker\">Die Fotobox in Osttirol zu Mieten mit Liveview und Direktdrucker<\/h4>\n\n\n\n<p>Egal ob Geburtstags- oder Firmenfeier, Junggesellenabschied oder Hochzeit, unsere Fotobox aus Osttirol  ist ein Spa\u00df f\u00fcr Jung und Alt!<\/p>\n\n\n\n<p>Von der Anfahrt bis zum Auf- und Abbau alles inklusive.<\/p>\n<\/div>\n\n\n\n<div class=\"wp-block-column is-layout-flow wp-block-column-is-layout-flow\">\n<figure class=\"wp-block-image size-full\"><img loading=\"lazy\" decoding=\"async\" width=\"1024\" height=\"578\" src=\"https:\/\/www.fotobox-osttirol.at\/wp-content\/uploads\/2021\/08\/k-IMG_20210814_120052.jpg\" alt=\"Fotobox Osttirol\" class=\"wp-image-296\" srcset=\"https:\/\/www.fotobox-osttirol.at\/wp-content\/uploads\/2021\/08\/k-IMG_20210814_120052.jpg 1024w, https:\/\/www.fotobox-osttirol.at\/wp-content\/uploads\/2021\/08\/k-IMG_20210814_120052-300x169.jpg 300w, https:\/\/www.fotobox-osttirol.at\/wp-content\/uploads\/2021\/08\/k-IMG_20210814_120052-768x434.jpg 768w\" sizes=\"auto, (max-width: 706px) 89vw, (max-width: 767px) 82vw, 740px\" \/><\/figure>\n<\/div>\n<\/div>\n\n\n\n<h4 class=\"wp-block-heading\" id=\"h-spiegelreflexkamera\">Spiegelreflexkamera <\/h4>\n\n\n\n<p>Durch die professionelle Spiegelreflexkameras und entsprechend moderner Technik kann ihnen h\u00f6chste Bildqualit\u00e4t gew\u00e4hrleistet werden! Au\u00dferdem wird durch die Live-View Funktion (Live Spiegelbild Ansicht im Monitor) ein richtiges positionieren vor dem Ausl\u00f6sen m\u00f6glichst.<\/p>\n\n\n\n<h4 class=\"wp-block-heading\" id=\"h-sofortdruck\"> Sofortdruck <\/h4>\n\n\n\n<p>Ebenfalls ist in unsere&nbsp;Fotobox mit einem&nbsp;hochwertigen Studiodrucker ausgestattet, durch das Druckverfahren erhalten Sie besonders farbechte Ausdrucke mit einer hohen Farbtiefe und Farbs\u00e4ttigung. Der&nbsp;<strong>Ausdruck eines Fotos ben\u00f6tigt nur 15 Sekunden<\/strong> sodass Ihre G\u00e4ste nicht lange auf ihre Fotos warten m\u00fcssen und diese sofort mitnehmen k\u00f6nnen. Format 10x15cm.<\/p>\n\n\n\n<h4 class=\"wp-block-heading\" id=\"h-studioblitz\"> Studioblitz<\/h4>\n\n\n\n<p>Unsere Fotobox ist mit einem professionellen Studioblitz ausger\u00fcstet, egal ob es dunkle ist ein Zus\u00e4tzliches Aufhellungslicht setzt Euch oder auch eure G\u00e4ste ins beste Licht. Au\u00dferdem verf\u00fcgt dieser \u00fcber ein Einstelllicht, so dass es auch mal dunkel sein darf und trotzdem perfekte Fotos gelingen!<\/p>\n\n\n\n<h4 class=\"wp-block-heading\" id=\"h-auf-wunsch-bietet-unsere-fotobox-auch-munzeinwurf\">Auf Wunsch bietet unsere Fotobox auch M\u00fcnzeinwurf    <\/h4>\n\n\n\n<p>Auf Wunsch  k\u00f6nnen wir ihnen unsere Fotobox per Fixpreis oder auch mit M\u00fcnzeinwurf anbieten.<\/p>\n\n\n\n<h4 class=\"wp-block-heading\" id=\"h-gestaltung-der-bilder\">Gestaltung der Bilder<\/h4>\n\n\n\n<p>Die Bilder sind auch individuell gestaltbar wie zum Beispiel mit Ihrem Logo, Namen Werbung, oder Hintergrund, und bietet daher auch viele M\u00f6glichkeiten f\u00fcr verschiedenste Anl\u00e4sse und Hochzeiten. Um bei den G\u00e4ste eine bleibende Erinnerung zu hinterlassen.<\/p>\n\n\n\n<h4 class=\"wp-block-heading\" id=\"h-bilder-upload\">Bilder Upload<\/h4>\n\n\n\n<p>Ob sie den G\u00e4sten Zugriff auf die Bilder geben, k\u00f6nnen sie selbst entscheiden, wir bieten Ihnen hierf\u00fcr auch eine&nbsp;passwortgesch\u00fctzte Online-Bildergalerie an.&nbsp; Hier k\u00f6nnen Sie alle Fotos nochmals ansehen oder auch kostenlos herunterladen und gegebenenfalls per E-Mail und Facebook weiterleiten.&nbsp; Jede Veranstaltung erh\u00e4lt ein eigenes Passwort.<\/p>\n\n\n\n<p>Nat\u00fcrlich sind alle Buchungen jederzeit unverbindlich Stornierbar.<\/p>\n\n\n\n<p><strong>Entdecke unvergesslichen Fotospa\u00df mit unserer Fotobox<\/strong>, <strong>Profi Equipment<\/strong>, <strong>Rund-um-die-Uhr Support<\/strong>, <strong>Individuelle Drucklayouts,<\/strong> <strong>Inklusive Accessoires<\/strong>, <strong>bei bedarf auch Hintergrund Aufsteller<\/strong>.<\/p>\n\n\n\n<p>Unverbindliche Ausk\u00fcnfte und Angebote zur Fotobox erhalten Sie unter <a href=\"mailto:anfrage@fotobox-osttirol.at\">anfrage@fotobox-osttirol.at<\/a> oder telefonisch unter +43 676 91 99 401<\/p>\n\n\n\n<div class=\"wp-block-button\"><a class=\"wp-block-button__link has-very-dark-gray-color has-light-green-cyan-background-color has-text-color has-background wp-element-button\" href=\"https:\/\/www.fotobox-osttirol.at\/index.php\/jetzt-anfragen\/\">Jetzt Unverbindliche Anfragen<\/a><\/div>\n\n\n\n<div class=\"wp-block-button alignright\"><a class=\"wp-block-button__link has-very-dark-gray-color has-light-green-cyan-background-color has-text-color has-background wp-element-button\" href=\"https:\/\/www.galerie.fotobox-osttirol.at\/\" target=\"_blank\" rel=\"noopener noreferrer\">zur Foto Galerie<\/a><\/div>\n\n\n\n<p><\/p>\n","protected":false},"excerpt":{"rendered":"<p>FotoBox Osttirol Die Fotobox in Osttirol zu Mieten mit Liveview und Direktdrucker Egal ob Geburtstags- oder Firmenfeier, Junggesellenabschied oder Hochzeit, unsere Fotobox aus Osttirol ist ein Spa\u00df f\u00fcr Jung und Alt! Von der Anfahrt bis zum Auf- und Abbau alles inklusive. Spiegelreflexkamera Durch die professionelle Spiegelreflexkameras und entsprechend moderner Technik kann ihnen h\u00f6chste Bildqualit\u00e4t gew\u00e4hrleistet &hellip; <\/p>\n<p class=\"link-more\"><a href=\"https:\/\/www.fotobox-osttirol.at\/\" class=\"more-link\"><span class=\"screen-reader-text\">\u201eFotoBox Osttirol\u201c <\/span>weiterlesen<\/a><\/p>\n","protected":false},"author":2,"featured_media":0,"parent":0,"menu_order":0,"comment_status":"closed","ping_status":"closed","template":"","meta":{"footnotes":""},"class_list":["post-33","page","type-page","status-publish","hentry"],"yoast_head":"<!-- This site is optimized with the Yoast SEO Premium plugin v23.9 (Yoast SEO v27.1.1) - https:\/\/yoast.com\/product\/yoast-seo-premium-wordpress\/ -->\n<title>FotoBox Osttirol - fotobox-osttirol-lienz-sillian-k\u00e4rnten<\/title>\n<meta name=\"description\" content=\"Die FotoBox in Osttirol zu mieten f\u00fcr Geburtstags- oder Firmenfeier, Junggesellenabschied oder Hochzeit, ein Spa\u00df f\u00fcr Jung und Alt.\" \/>\n<meta name=\"robots\" content=\"index, follow, max-snippet:-1, max-image-preview:large, max-video-preview:-1\" \/>\n<link rel=\"canonical\" href=\"https:\/\/www.fotobox-osttirol.at\/\" \/>\n<meta property=\"og:locale\" content=\"de_DE\" \/>\n<meta property=\"og:type\" content=\"article\" \/>\n<meta property=\"og:title\" content=\"FotoBox Osttirol\" \/>\n<meta property=\"og:description\" content=\"Die FotoBox in Osttirol zu mieten f\u00fcr Geburtstags- oder Firmenfeier, Junggesellenabschied oder Hochzeit, ein Spa\u00df f\u00fcr Jung und Alt.\" \/>\n<meta property=\"og:url\" content=\"https:\/\/www.fotobox-osttirol.at\/\" \/>\n<meta property=\"og:site_name\" content=\"FotoBox Osttirol\" \/>\n<meta property=\"article:publisher\" content=\"https:\/\/www.facebook.com\/Fotoboxinosttirol\/\" \/>\n<meta property=\"article:modified_time\" content=\"2024-12-01T16:10:28+00:00\" \/>\n<meta property=\"og:image\" content=\"https:\/\/www.fotobox-osttirol.at\/wp-content\/uploads\/2022\/08\/IMG_20220826_190151-1-scaled.jpg\" \/>\n\t<meta property=\"og:image:width\" content=\"2560\" \/>\n\t<meta property=\"og:image:height\" content=\"1445\" \/>\n\t<meta property=\"og:image:type\" content=\"image\/jpeg\" \/>\n<meta name=\"twitter:label1\" content=\"Gesch\u00e4tzte Lesezeit\" \/>\n\t<meta name=\"twitter:data1\" content=\"3\u00a0Minuten\" \/>\n<script type=\"application\/ld+json\" class=\"yoast-schema-graph\">{\"@context\":\"https:\/\/schema.org\",\"@graph\":[{\"@type\":\"WebPage\",\"@id\":\"https:\/\/www.fotobox-osttirol.at\/\",\"url\":\"https:\/\/www.fotobox-osttirol.at\/\",\"name\":\"FotoBox Osttirol - fotobox-osttirol-lienz-sillian-k\u00e4rnten\",\"isPartOf\":{\"@id\":\"https:\/\/www.fotobox-osttirol.at\/#website\"},\"primaryImageOfPage\":{\"@id\":\"https:\/\/www.fotobox-osttirol.at\/#primaryimage\"},\"image\":{\"@id\":\"https:\/\/www.fotobox-osttirol.at\/#primaryimage\"},\"thumbnailUrl\":\"https:\/\/www.fotobox-osttirol.at\/wp-content\/uploads\/2021\/08\/k-IMG_20210814_120052.jpg\",\"datePublished\":\"2020-03-02T12:59:51+00:00\",\"dateModified\":\"2024-12-01T16:10:28+00:00\",\"description\":\"Die FotoBox in Osttirol zu mieten f\u00fcr Geburtstags- oder Firmenfeier, Junggesellenabschied oder Hochzeit, ein Spa\u00df f\u00fcr Jung und Alt.\",\"breadcrumb\":{\"@id\":\"https:\/\/www.fotobox-osttirol.at\/#breadcrumb\"},\"inLanguage\":\"de\",\"potentialAction\":[{\"@type\":\"ReadAction\",\"target\":[\"https:\/\/www.fotobox-osttirol.at\/\"]}]},{\"@type\":\"ImageObject\",\"inLanguage\":\"de\",\"@id\":\"https:\/\/www.fotobox-osttirol.at\/#primaryimage\",\"url\":\"https:\/\/www.fotobox-osttirol.at\/wp-content\/uploads\/2021\/08\/k-IMG_20210814_120052.jpg\",\"contentUrl\":\"https:\/\/www.fotobox-osttirol.at\/wp-content\/uploads\/2021\/08\/k-IMG_20210814_120052.jpg\",\"width\":1024,\"height\":578},{\"@type\":\"BreadcrumbList\",\"@id\":\"https:\/\/www.fotobox-osttirol.at\/#breadcrumb\",\"itemListElement\":[{\"@type\":\"ListItem\",\"position\":1,\"name\":\"Home\",\"item\":\"https:\/\/www.fotobox-osttirol.at\/\"},{\"@type\":\"ListItem\",\"position\":2,\"name\":\"FotoBox Osttirol\"}]},{\"@type\":\"WebSite\",\"@id\":\"https:\/\/www.fotobox-osttirol.at\/#website\",\"url\":\"https:\/\/www.fotobox-osttirol.at\/\",\"name\":\"FotoBox Osttirol\",\"description\":\"Die Fotobox in Osttirol\",\"publisher\":{\"@id\":\"https:\/\/www.fotobox-osttirol.at\/#organization\"},\"potentialAction\":[{\"@type\":\"SearchAction\",\"target\":{\"@type\":\"EntryPoint\",\"urlTemplate\":\"https:\/\/www.fotobox-osttirol.at\/?s={search_term_string}\"},\"query-input\":{\"@type\":\"PropertyValueSpecification\",\"valueRequired\":true,\"valueName\":\"search_term_string\"}}],\"inLanguage\":\"de\"},{\"@type\":\"Organization\",\"@id\":\"https:\/\/www.fotobox-osttirol.at\/#organization\",\"name\":\"FotoBox Osttirol\",\"url\":\"https:\/\/www.fotobox-osttirol.at\/\",\"logo\":{\"@type\":\"ImageObject\",\"inLanguage\":\"de\",\"@id\":\"https:\/\/www.fotobox-osttirol.at\/#\/schema\/logo\/image\/\",\"url\":\"https:\/\/www.fotobox-osttirol.at\/wp-content\/uploads\/2020\/03\/cropped-cropped-cropped-8874412_orig-2.jpg\",\"contentUrl\":\"https:\/\/www.fotobox-osttirol.at\/wp-content\/uploads\/2020\/03\/cropped-cropped-cropped-8874412_orig-2.jpg\",\"width\":250,\"height\":250,\"caption\":\"FotoBox Osttirol\"},\"image\":{\"@id\":\"https:\/\/www.fotobox-osttirol.at\/#\/schema\/logo\/image\/\"},\"sameAs\":[\"https:\/\/www.facebook.com\/Fotoboxinosttirol\/\",\"https:\/\/www.instagram.com\/fotoboxosttirol\"]}]}<\/script>\n<!-- \/ Yoast SEO Premium plugin. -->","yoast_head_json":{"title":"FotoBox Osttirol - fotobox-osttirol-lienz-sillian-k\u00e4rnten","description":"Die FotoBox in Osttirol zu mieten f\u00fcr Geburtstags- oder Firmenfeier, Junggesellenabschied oder Hochzeit, ein Spa\u00df f\u00fcr Jung und Alt.","robots":{"index":"index","follow":"follow","max-snippet":"max-snippet:-1","max-image-preview":"max-image-preview:large","max-video-preview":"max-video-preview:-1"},"canonical":"https:\/\/www.fotobox-osttirol.at\/","og_locale":"de_DE","og_type":"article","og_title":"FotoBox Osttirol","og_description":"Die FotoBox in Osttirol zu mieten f\u00fcr Geburtstags- oder Firmenfeier, Junggesellenabschied oder Hochzeit, ein Spa\u00df f\u00fcr Jung und Alt.","og_url":"https:\/\/www.fotobox-osttirol.at\/","og_site_name":"FotoBox Osttirol","article_publisher":"https:\/\/www.facebook.com\/Fotoboxinosttirol\/","article_modified_time":"2024-12-01T16:10:28+00:00","og_image":[{"width":2560,"height":1445,"url":"https:\/\/www.fotobox-osttirol.at\/wp-content\/uploads\/2022\/08\/IMG_20220826_190151-1-scaled.jpg","type":"image\/jpeg"}],"twitter_misc":{"Gesch\u00e4tzte Lesezeit":"3\u00a0Minuten"},"schema":{"@context":"https:\/\/schema.org","@graph":[{"@type":"WebPage","@id":"https:\/\/www.fotobox-osttirol.at\/","url":"https:\/\/www.fotobox-osttirol.at\/","name":"FotoBox Osttirol - fotobox-osttirol-lienz-sillian-k\u00e4rnten","isPartOf":{"@id":"https:\/\/www.fotobox-osttirol.at\/#website"},"primaryImageOfPage":{"@id":"https:\/\/www.fotobox-osttirol.at\/#primaryimage"},"image":{"@id":"https:\/\/www.fotobox-osttirol.at\/#primaryimage"},"thumbnailUrl":"https:\/\/www.fotobox-osttirol.at\/wp-content\/uploads\/2021\/08\/k-IMG_20210814_120052.jpg","datePublished":"2020-03-02T12:59:51+00:00","dateModified":"2024-12-01T16:10:28+00:00","description":"Die FotoBox in Osttirol zu mieten f\u00fcr Geburtstags- oder Firmenfeier, Junggesellenabschied oder Hochzeit, ein Spa\u00df f\u00fcr Jung und Alt.","breadcrumb":{"@id":"https:\/\/www.fotobox-osttirol.at\/#breadcrumb"},"inLanguage":"de","potentialAction":[{"@type":"ReadAction","target":["https:\/\/www.fotobox-osttirol.at\/"]}]},{"@type":"ImageObject","inLanguage":"de","@id":"https:\/\/www.fotobox-osttirol.at\/#primaryimage","url":"https:\/\/www.fotobox-osttirol.at\/wp-content\/uploads\/2021\/08\/k-IMG_20210814_120052.jpg","contentUrl":"https:\/\/www.fotobox-osttirol.at\/wp-content\/uploads\/2021\/08\/k-IMG_20210814_120052.jpg","width":1024,"height":578},{"@type":"BreadcrumbList","@id":"https:\/\/www.fotobox-osttirol.at\/#breadcrumb","itemListElement":[{"@type":"ListItem","position":1,"name":"Home","item":"https:\/\/www.fotobox-osttirol.at\/"},{"@type":"ListItem","position":2,"name":"FotoBox Osttirol"}]},{"@type":"WebSite","@id":"https:\/\/www.fotobox-osttirol.at\/#website","url":"https:\/\/www.fotobox-osttirol.at\/","name":"FotoBox Osttirol","description":"Die Fotobox in Osttirol","publisher":{"@id":"https:\/\/www.fotobox-osttirol.at\/#organization"},"potentialAction":[{"@type":"SearchAction","target":{"@type":"EntryPoint","urlTemplate":"https:\/\/www.fotobox-osttirol.at\/?s={search_term_string}"},"query-input":{"@type":"PropertyValueSpecification","valueRequired":true,"valueName":"search_term_string"}}],"inLanguage":"de"},{"@type":"Organization","@id":"https:\/\/www.fotobox-osttirol.at\/#organization","name":"FotoBox Osttirol","url":"https:\/\/www.fotobox-osttirol.at\/","logo":{"@type":"ImageObject","inLanguage":"de","@id":"https:\/\/www.fotobox-osttirol.at\/#\/schema\/logo\/image\/","url":"https:\/\/www.fotobox-osttirol.at\/wp-content\/uploads\/2020\/03\/cropped-cropped-cropped-8874412_orig-2.jpg","contentUrl":"https:\/\/www.fotobox-osttirol.at\/wp-content\/uploads\/2020\/03\/cropped-cropped-cropped-8874412_orig-2.jpg","width":250,"height":250,"caption":"FotoBox Osttirol"},"image":{"@id":"https:\/\/www.fotobox-osttirol.at\/#\/schema\/logo\/image\/"},"sameAs":["https:\/\/www.facebook.com\/Fotoboxinosttirol\/","https:\/\/www.instagram.com\/fotoboxosttirol"]}]}},"_links":{"self":[{"href":"https:\/\/www.fotobox-osttirol.at\/index.php\/wp-json\/wp\/v2\/pages\/33","targetHints":{"allow":["GET"]}}],"collection":[{"href":"https:\/\/www.fotobox-osttirol.at\/index.php\/wp-json\/wp\/v2\/pages"}],"about":[{"href":"https:\/\/www.fotobox-osttirol.at\/index.php\/wp-json\/wp\/v2\/types\/page"}],"author":[{"embeddable":true,"href":"https:\/\/www.fotobox-osttirol.at\/index.php\/wp-json\/wp\/v2\/users\/2"}],"replies":[{"embeddable":true,"href":"https:\/\/www.fotobox-osttirol.at\/index.php\/wp-json\/wp\/v2\/comments?post=33"}],"version-history":[{"count":127,"href":"https:\/\/www.fotobox-osttirol.at\/index.php\/wp-json\/wp\/v2\/pages\/33\/revisions"}],"predecessor-version":[{"id":472,"href":"https:\/\/www.fotobox-osttirol.at\/index.php\/wp-json\/wp\/v2\/pages\/33\/revisions\/472"}],"wp:attachment":[{"href":"https:\/\/www.fotobox-osttirol.at\/index.php\/wp-json\/wp\/v2\/media?parent=33"}],"curies":[{"name":"wp","href":"https:\/\/api.w.org\/{rel}","templated":true}]}}